e the prime factors of 2475558158?
2, 1237779079
What are the prime factors of 498202703?
53, 109, 86239
What are the prime factors of 2672156994?
2, 3, 13, 71, 482513
List the prime factors of 234098109.
3, 7, 17, 218579
List the prime factors of 39223151.
11, 3565741
List the prime factors of 136511879.
7, 31, 439, 1433
What are the prime factors of 116735608?
2, 11, 593, 2237
List the prime factors of 225766416.
2, 3, 67, 70201
What are the prime factors of 22161070?
2, 5, 359, 6173
What are the prime factors of 206126567?
4759, 43313
What are the prime factors of 2162984187?
3, 7, 13, 19, 32077
What are the prime factors of 2292661964?
2, 109, 5258399
What are the prime factors of 97221731?
89, 1092379
What are the prime factors of 191481784?
2, 13, 1841171
List the prime factors of 33081267.
3, 11027089
List the prime factors of 3027118197.
3, 1259, 801461
List the prime factors of 492380764.
2, 123095191
List the prime factors of 1177080263.
8011, 146933
What are the prime factors of 530416199?
530416199
What are the prime factors of 102751225?
5, 4110049
List the prime factors of 247441120.
2, 5, 17, 90971
List the prime factors of 7781777146.
2, 11, 13, 569, 47819
What are the prime factors of 152700769?
13, 41, 286493
List the prime factors of 608697732.
2, 3, 173, 293207
What are the prime factors of 157719819?
3, 107, 491339
List the prime factors of 754385536.
2, 61, 79, 1223
What are the prime factors of 630152444?
2, 43, 131, 27967
What are the prime factors of 84528226?
2, 19, 797, 2791
List the prime factors of 5745307706.
2, 79, 36362707
What are the prime factors of 769875428?
2, 7, 37, 743123
List the prime factors of 489429796.
2, 17, 97, 74201
List the prime factors of 55985687.
317, 176611
What are the prime factors of 883412531?
17, 193, 269251
What are the prime factors of 209101089?
3, 1871, 37253
List the prime factors of 24073970.
2, 5, 41, 71, 827
What are the prime factors of 48887322?
2, 3, 11, 740717
List the prime factors of 1049153.
7, 67, 2237
List the prime factors of 363726957.
3, 11, 61, 101, 1789
List the prime factors of 2236198511.
229, 2437, 4007
List the prime factors of 3762686652.
2, 3, 313557221
What are the prime factors of 317904640?
2, 5, 307, 809
What are the prime factors of 54953467?
67, 820201
What are the prime factors of 3668655829?
47, 78056507
What are the prime factors of 952957361?
952957361
List the prime factors of 2443874496.
2, 3, 7, 89, 20431
What are the prime factors of 57198888?
2, 3, 631, 1259
List the prime factors of 1065932553.
3, 7, 50758693
What are the prime factors of 20437280?
2, 5, 127733
What are the prime factors of 985081757?
11, 89552887
What are the prime factors of 576732125?
5, 43, 61, 1759
List the prime factors of 443728046.
2, 173, 1282451
List the prime factors of 55769963.
23, 41, 59141
What are the prime factors of 59473290?
2, 3, 5, 1982443
What are the prime factors of 3865153?
3865153
What are the prime factors of 1871139872?
2, 7, 1193329
List the prime factors of 2241563068.
2, 560390767
What are the prime factors of 633222?
2, 3, 127, 277
What are the prime factors of 110703481?
7, 19, 97, 8581
What are the prime factors of 5925980?
2, 5, 296299
What are the prime factors of 65223404?
2, 47, 346933
What are the prime factors of 247087917?
3, 29, 946697
What are the prime factors of 3173960?
2, 5, 79349
What are the prime factors of 54973899?
3, 59, 103529
What are the prime factors of 1898135788?
2, 474533947
What are the prime factors of 13681838?
2, 17, 23671
List the prime factors of 16313490.
2, 3, 5, 41, 4421
List the prime factors of 159651510.
2, 3, 5, 23, 231379
What are the prime factors of 255439739?
17, 1811, 8297
What are the prime factors of 314433288?
2, 3, 13, 25841
List the prime factors of 132635665.
5, 26527133
What are the prime factors of 551740105?
5, 7, 1627, 9689
What are the prime factors of 1188547697?
3257, 364921
List the prime factors of 141993073.
141993073
What are the prime factors of 418297109?
461, 907369
What are the prime factors of 1503766360?
2, 5, 127, 296017
What are the prime factors of 652292572?
2, 19, 79, 108643
What are the prime factors of 46906209?
3, 7, 82727
What are the prime factors of 1859651761?
11, 107, 1579993
List the prime factors of 4557976382.
2, 38321, 59471
List the prime factors of 480463113.
3, 13, 947659
What are the prime factors of 688355772?
2, 3, 13, 17, 113, 2297
What are the prime factors of 3120464585?
5, 7, 89156131
List the prime factors of 4185461762.
2, 2092730881
List the prime factors of 25609202.
2, 617, 20753
What are the prime factors of 875594926?
2, 251, 1744213
List the prime factors of 20262329.
29, 698701
List the prime factors of 1161232276.
2, 137, 607, 3491
What are the prime factors of 6085332361?
13313, 457097
What are the prime factors of 9535789?
229, 41641
What are the prime factors of 456631602?
2, 3, 7, 47, 231323
List the prime factors of 404441935.
5, 5087, 15901
List the prime factors of 5357192067.
3, 163, 719, 1693
List the prime factors of 20677732.
2, 5169433
What are the prime factors of 862729302?
2, 3, 143788217
What are the prime factors of 3477060?
2, 3, 5, 47, 137
List the prime factors of 302281964.
2, 17, 29, 153287
What are the prime factors of 46899265?
5, 7, 431, 3109
What are the prime factors of 140914110?
2, 3, 5, 109, 43093
What are the prime factors of 14085897?
3, 7, 19, 43, 821
What are the prime factors of 1631986059?
3, 11, 137, 360979
What are the prime factors of 442194?
2, 3, 73699
List the prime factors of 5453791427.
7, 779113061
List the prime factors of 107984824.
2, 2371, 5693
List the prime factors of 156593569.
11, 14235779
List the prime factors of 9235840975.
5, 29, 439279
List the prime factors of 278316583.
23, 12100721
List the prime factors of 764256989.
47, 16260787
List the prime factors of 4493745645.
3, 5, 37, 8096839
List the prime factors of 274389327.
3, 443, 68821
What are the prime factors of 969544681?
7, 138506383
What are the prime factors of 30270936?
2, 3, 1261289
List the prime factors of 2165184068.
2, 751, 720767
List the prime factors of 204829552.
2, 29, 441443
List the prime factors of 1346627034.
2, 3, 5639, 13267
What are the prime factors of 327427320?
2, 3, 5, 11, 248051
List the prime factors of 706621429.
41, 97, 177677
What are the prime factors of 3355317602?
2, 7, 13, 23, 801557
List the prime factors of 1312602196.
2, 73, 643, 6991
What are the prime factors of 400462020?
2, 3, 5, 7, 317827
List the prime factors of 740932302.
2, 3, 11, 31, 362137
What are the prime factors of 1919080756?
2, 103, 4657963
List the prime factors of 5497374078.
2, 3, 7, 509, 85717
List the prime factors of 3403715464.
2, 425464433
What are the prime factors of 350255845?
5, 17, 23, 97, 1847
List the prime factors of 2338651252.
2, 7, 19, 193, 22777
What are the prime factors of 651368551?
651368551
What are the prime factors of 5671436418?
2, 3, 315079801
What are the prime factors of 13700485?
5, 617, 4441
What are the prime factors of 3109559846?
2, 37, 97, 433207
What are the prime factors of 158025393?
3, 17558377
List the prime factors of 43424661.
3, 7, 769, 2689
What are the prime factors of 4591262947?
17, 1601, 9923
List the prime factors of 202371586.
2, 4483, 22571
List the prime factors of 45261244.
2, 7, 1616473
List the prime factors of 338019482.
2, 269, 628289
List the prime factors of 51094957.
1109, 46073
What are the prime factors of 2648155733?
47, 107, 277, 1901
What are the prime factors of 51667301?
7, 17, 434179
What are the prime factors of 26698818?
2, 3, 571, 7793
What are the prime factors of 42357821?
11, 19, 389, 521
List the prime factors of 91314909.
3, 7, 1449443
List the prime factors of 38822094.
2, 3, 47, 109, 421
What are the prime factors of 1469265437?
113, 3517, 3697
What are the prime factors of 109552849?
7, 15650407
What are the prime factors of 100660150?
2, 5, 293, 6871
List the prime factors of 850496229.
3, 11, 607, 14153
List the prime factors of 1380257157.
3, 18911, 24329
List the prime factors of 8471036.
2, 7, 19, 15923
What are the prime factors of 8087177902?
2, 42797, 94483
List the prime factors of 146928596.
2, 19, 239, 8089
List the prime facto